{"id":56,"date":"2024-07-17T13:48:58","date_gmt":"2024-07-17T11:48:58","guid":{"rendered":"https:\/\/herz-statt-hetze-stendal.de\/?page_id=56"},"modified":"2024-08-09T16:05:34","modified_gmt":"2024-08-09T14:05:34","slug":"impressum","status":"publish","type":"page","link":"https:\/\/herz-statt-hetze-stendal.de\/?page_id=56","title":{"rendered":"Impressum"},"content":{"rendered":"<p>[et_pb_section fb_built=&#8220;1&#8243; _builder_version=&#8220;4.26.1&#8243; _module_preset=&#8220;default&#8220; background_color=&#8220;#fbfbde&#8220; module_alignment=&#8220;left&#8220; global_colors_info=&#8220;{}&#8220;][et_pb_row _builder_version=&#8220;4.26.1&#8243; _module_preset=&#8220;default&#8220; global_colors_info=&#8220;{}&#8220;][et_pb_column type=&#8220;4_4&#8243; _builder_version=&#8220;4.26.1&#8243; _module_preset=&#8220;default&#8220; global_colors_info=&#8220;{}&#8220;][et_pb_heading title=&#8220;Impressum&#8220; _builder_version=&#8220;4.26.1&#8243; _module_preset=&#8220;default&#8220; title_font=&#8220;|700|||||||&#8220; title_text_color=&#8220;#C8005D&#8220; global_colors_info=&#8220;{}&#8220;][\/et_pb_heading][\/et_pb_column][\/et_pb_row][et_pb_row _builder_version=&#8220;4.26.1&#8243; _module_preset=&#8220;default&#8220; module_alignment=&#8220;center&#8220; custom_margin=&#8220;|auto||462px||&#8220; global_colors_info=&#8220;{}&#8220;][et_pb_column type=&#8220;4_4&#8243; _builder_version=&#8220;4.26.1&#8243; _module_preset=&#8220;default&#8220; global_colors_info=&#8220;{}&#8220;][et_pb_text _builder_version=&#8220;4.26.1&#8243; _module_preset=&#8220;default&#8220; global_colors_info=&#8220;{}&#8220;]<\/p>\n<p style=\"text-align: left;\">Dieser Webauftritt wird bereitgestellt von: Christian Glomm<\/p>\n<p>Verantwortlicher im Sinne des Presserechts: Christian Glomm<br \/>Telefon: +49 (0) 176-39028390<\/p>\n<p><span style=\"color: #c8005d;\">Postadresse<\/span><\/p>\n<p>Christian Glomm<br \/>Klein Schwechtener Str. 2<br \/>39596 Goldbeck<\/p>\n<p><span style=\"color: #c8005d;\">E-Mailadresse<\/span><\/p>\n<p>info@herz-statt-hetze-stendal.de<\/p>\n<p><span style=\"color: #c8005d;\">Ladungsf\u00e4hige Adresse<br \/><\/span><\/p>\n<p>Christian Glomm<br \/>Klein Schwechtener Str. 2<br \/>39596 Goldbeck<\/p>\n<p><span style=\"color: #c8005d;\">Haftung f\u00fcr Inhalte<\/span><br \/>Alle bereitgestellten Informationen sind nach bestem Wissen und Gewissen erarbeitet und \u00fcberpr\u00fcft. Es wird keine <br \/>Gew\u00e4hr f\u00fcr die Aktualit\u00e4t, Richtigkeit, Vollst\u00e4ndigkeit oder Qualit\u00e4t und jederzeitige Verf\u00fcgbarkeit der bereitgestellten <br \/>Informationen \u00fcbernommen.<br \/>F\u00fcr etwaige Sch\u00e4den, die beim Aufrufen oder Herunterladen von Daten durch Computerviren oder der Installation oder <br \/>Nutzung von Software verursacht werden, wird nicht gehaftet.<br \/>Namentlich gekennzeichnete Internetseiten und Kommentare geben Erkenntnis, Meinung und Auffassung der <br \/>verfassenden Person wieder. Einzelne Webseiten, Kommentare oder das gesamte Angebot k\u00f6nnen ohne gesonderte <br \/>Ank\u00fcndigung ver\u00e4ndert, erg\u00e4nzt, gel\u00f6scht oder die Ver\u00f6ffentlichung zeitweise oder endg\u00fcltig eingestellt werden.<span style=\"color: rgba(255, 255, 255, 0);\"><\/span><\/p>\n<p>[\/et_pb_text][\/et_pb_column][\/et_pb_row][\/et_pb_section]<\/p>\n","protected":false},"excerpt":{"rendered":"<p>Dieser Webauftritt wird bereitgestellt von: Christian Glomm Verantwortlicher im Sinne des Presserechts: Christian GlommTelefon: +49 (0) 176-39028390 Postadresse Christian GlommKlein Schwechtener Str. 239596 Goldbeck E-Mailadresse info@herz-statt-hetze-stendal.de Ladungsf\u00e4hige Adresse Christian GlommKlein Schwechtener Str. 239596 Goldbeck Haftung f\u00fcr InhalteAlle bereitgestellten Informationen sind nach bestem Wissen und Gewissen erarbeitet und \u00fcberpr\u00fcft. Es wird keine Gew\u00e4hr f\u00fcr die Aktualit\u00e4t, [&hellip;]<\/p>\n","protected":false},"author":1,"featured_media":0,"parent":0,"menu_order":0,"comment_status":"closed","ping_status":"closed","template":"","meta":{"_et_pb_use_builder":"on","_et_pb_old_content":"","_et_gb_content_width":"","footnotes":""},"class_list":["post-56","page","type-page","status-publish","hentry"],"_links":{"self":[{"href":"https:\/\/herz-statt-hetze-stendal.de\/index.php?rest_route=\/wp\/v2\/pages\/56","targetHints":{"allow":["GET"]}}],"collection":[{"href":"https:\/\/herz-statt-hetze-stendal.de\/index.php?rest_route=\/wp\/v2\/pages"}],"about":[{"href":"https:\/\/herz-statt-hetze-stendal.de\/index.php?rest_route=\/wp\/v2\/types\/page"}],"author":[{"embeddable":true,"href":"https:\/\/herz-statt-hetze-stendal.de\/index.php?rest_route=\/wp\/v2\/users\/1"}],"replies":[{"embeddable":true,"href":"https:\/\/herz-statt-hetze-stendal.de\/index.php?rest_route=%2Fwp%2Fv2%2Fcomments&post=56"}],"version-history":[{"count":10,"href":"https:\/\/herz-statt-hetze-stendal.de\/index.php?rest_route=\/wp\/v2\/pages\/56\/revisions"}],"predecessor-version":[{"id":132,"href":"https:\/\/herz-statt-hetze-stendal.de\/index.php?rest_route=\/wp\/v2\/pages\/56\/revisions\/132"}],"wp:attachment":[{"href":"https:\/\/herz-statt-hetze-stendal.de\/index.php?rest_route=%2Fwp%2Fv2%2Fmedia&parent=56"}],"curies":[{"name":"wp","href":"https:\/\/api.w.org\/{rel}","templated":true}]}}