{"id":25,"date":"2024-07-17T12:41:25","date_gmt":"2024-07-17T10:41:25","guid":{"rendered":"https:\/\/herz-statt-hetze-stendal.de\/?page_id=25"},"modified":"2026-04-13T15:08:16","modified_gmt":"2026-04-13T13:08:16","slug":"startseite","status":"publish","type":"page","link":"https:\/\/herz-statt-hetze-stendal.de\/","title":{"rendered":"Startseite"},"content":{"rendered":"<p>[et_pb_section fb_built=&#8220;1&#8243; _builder_version=&#8220;4.26.1&#8243; _module_preset=&#8220;default&#8220; background_color=&#8220;#fbfbde&#8220; global_colors_info=&#8220;{}&#8220;][et_pb_row _builder_version=&#8220;4.26.1&#8243; _module_preset=&#8220;default&#8220; global_colors_info=&#8220;{}&#8220;][et_pb_column type=&#8220;4_4&#8243; _builder_version=&#8220;4.26.1&#8243; _module_preset=&#8220;default&#8220; global_colors_info=&#8220;{}&#8220;][et_pb_heading title=&#8220;Wilkommen bei uns, wilkommen in Stendal&#8220; _builder_version=&#8220;4.26.1&#8243; _module_preset=&#8220;default&#8220; title_font=&#8220;|700|||||||&#8220; title_text_color=&#8220;#C8005D&#8220; min_height=&#8220;49px&#8220; global_colors_info=&#8220;{}&#8220;][\/et_pb_heading][et_pb_text _builder_version=&#8220;4.26.1&#8243; _module_preset=&#8220;default&#8220; background_color=&#8220;#fbfbde&#8220; global_colors_info=&#8220;{}&#8220;]<\/p>\n<p>\u201eHerz statt Hetze Stendal\u201c ist ein Netzwerk von Einzelpersonen sowie Menschen aus zivilgesellschaftlichen Einrichtungen, Verb\u00e4nden, Vereinen, Religionsgemeinschaften und demokratischen Parteien. Mit verschiedenen Projekten sind wir mit der Hansestadt Stendal verbunden. Wir setzen uns f\u00fcr eine freie und weltoffene Hansestadt ein. Wir sind aktiv und werden uns auch in Zukunft der Hetze entgegenstellen.<\/p>\n<p>[\/et_pb_text][et_pb_heading title=&#8220;Save the date: Arne Semsrott am 7. Juni 2026 in Stendal&#8220; _builder_version=&#8220;4.27.5&#8243; _module_preset=&#8220;default&#8220; title_font=&#8220;|700|||||||&#8220; title_text_color=&#8220;#C8005D&#8220; hover_enabled=&#8220;0&#8243; global_colors_info=&#8220;{}&#8220; sticky_enabled=&#8220;0&#8243;][\/et_pb_heading][et_pb_image src=&#8220;https:\/\/herz-statt-hetze-stendal.de\/wp-content\/uploads\/2026\/04\/Website-221&#215;300.png&#8220; _builder_version=&#8220;4.27.5&#8243; _module_preset=&#8220;default&#8220; title_text=&#8220;Save the date: Arne Semsrott&#8220; show_bottom_space=&#8220;off&#8220; hover_enabled=&#8220;0&#8243; sticky_enabled=&#8220;0&#8243;][\/et_pb_image][et_pb_text _builder_version=&#8220;4.27.5&#8243; _module_preset=&#8220;default&#8220; hover_enabled=&#8220;0&#8243; sticky_enabled=&#8220;0&#8243;]\u00a9 Droemer Knaur &#8211; Weitere Infos findest du <a href=\"https:\/\/herz-statt-hetze-stendal.de\/?page_id=13\">hier<\/a>[\/et_pb_text][\/et_pb_column][\/et_pb_row][et_pb_row _builder_version=&#8220;4.26.1&#8243; _module_preset=&#8220;default&#8220; global_colors_info=&#8220;{}&#8220;][et_pb_column type=&#8220;4_4&#8243; _builder_version=&#8220;4.26.1&#8243; _module_preset=&#8220;default&#8220; global_colors_info=&#8220;{}&#8220;][et_pb_heading title=&#8220;Unsere Ziele&#8220; _builder_version=&#8220;4.26.1&#8243; _module_preset=&#8220;default&#8220; title_font=&#8220;|700|||||||&#8220; title_text_color=&#8220;#C8005D&#8220; global_colors_info=&#8220;{}&#8220;][\/et_pb_heading][et_pb_text _builder_version=&#8220;4.27.4&#8243; _module_preset=&#8220;default&#8220; background_color=&#8220;#fbfbde&#8220; global_colors_info=&#8220;{}&#8220;]<\/p>\n<p><span style=\"color: #0491aa;\">\u0474<\/span>\u00a0 <span style=\"color: #c8005d;\">Rassismus und Diskriminierung entgegenwirken: <\/span>Wir setzen uns daf\u00fcr ein, dass Menschen unabh\u00e4ngig von ihrer Herkunft, Hautfarbe, sexuellen Orientierung und<br \/>Identit\u00e4t respektiert und gleich behandelt werden.<\/p>\n<p>[\/et_pb_text][et_pb_text _builder_version=&#8220;4.26.1&#8243; _module_preset=&#8220;default&#8220; background_color=&#8220;#fbfbde&#8220; global_colors_info=&#8220;{}&#8220;]<\/p>\n<p><span style=\"color: #0491aa;\">\u0474\u00a0 <\/span><span style=\"color: #c8005d;\">Aufkl\u00e4rung und Sensibilisierung: <\/span>Wir kl\u00e4ren \u00fcber Rassismus und Diskriminierung auf und st\u00e4rken das Bewusstsein daf\u00fcr in der Gesellschaft.<\/p>\n<p>[\/et_pb_text][et_pb_text _builder_version=&#8220;4.26.1&#8243; _module_preset=&#8220;default&#8220; text_text_color=&#8220;#6B6B6B&#8220; background_color=&#8220;#fbfbde&#8220; global_colors_info=&#8220;{}&#8220;]<\/p>\n<p><span style=\"color: #ff00ff;\"><span style=\"color: #0491aa;\">\u0474<\/span>\u00a0 <span style=\"color: #c8005d;\">Solidarit\u00e4t und Zusammenhalt: <\/span><\/span>Wir f\u00f6rdern ein solidarisches Miteinander und ermutigen Menschen dazu, f\u00fcreinander einzustehen und sich gegenseitig zu<br \/>unterst\u00fctzen.<\/p>\n<p>[\/et_pb_text][et_pb_text _builder_version=&#8220;4.26.1&#8243; _module_preset=&#8220;default&#8220; background_color=&#8220;#fbfbde&#8220; global_colors_info=&#8220;{}&#8220;]<\/p>\n<p><span style=\"color: #0491aa;\">\u0474\u00a0 <\/span><span style=\"color: #c8005d;\">Demokratie und Vielfalt: <\/span>Wir setzen uns f\u00fcr eine offene und demokratische Gesellschaft ein, in der Vielfalt als Bereicherung begriffen wird.<\/p>\n<p>[\/et_pb_text][et_pb_text _builder_version=&#8220;4.26.1&#8243; _module_preset=&#8220;default&#8220; background_color=&#8220;#fbfbde&#8220; global_colors_info=&#8220;{}&#8220;]<\/p>\n<p><span style=\"color: #0491aa;\">\u0474\u00a0 <\/span><span style=\"color: #c8005d;\">Protest und Widerstand: <\/span>Wir protestieren gegen rechtsextreme und rassistische Gruppierungen und ihre Ideologien und leisten Widerstand.<\/p>\n<p>[\/et_pb_text][\/et_pb_column][\/et_pb_row][et_pb_row _builder_version=&#8220;4.26.1&#8243; _module_preset=&#8220;default&#8220; global_colors_info=&#8220;{}&#8220;][et_pb_column type=&#8220;4_4&#8243; _builder_version=&#8220;4.26.1&#8243; _module_preset=&#8220;default&#8220; global_colors_info=&#8220;{}&#8220;][et_pb_button button_url=&#8220;https:\/\/herz-statt-hetze-stendal.de\/?page_id=13&#8243; button_text=&#8220;MACH MIT&#8220; button_alignment=&#8220;center&#8220; _builder_version=&#8220;4.26.1&#8243; _module_preset=&#8220;default&#8220; global_colors_info=&#8220;{}&#8220;][\/et_pb_button][\/et_pb_column][\/et_pb_row][\/et_pb_section]<\/p>\n","protected":false},"excerpt":{"rendered":"<p>\u201eHerz statt Hetze Stendal\u201c ist ein Netzwerk von Einzelpersonen sowie Menschen aus zivilgesellschaftlichen Einrichtungen, Verb\u00e4nden, Vereinen, Religionsgemeinschaften und demokratischen Parteien. Mit verschiedenen Projekten sind wir mit der Hansestadt Stendal verbunden. Wir setzen uns f\u00fcr eine freie und weltoffene Hansestadt ein. Wir sind aktiv und werden uns auch in Zukunft der Hetze entgegenstellen.\u00a9 Droemer Knaur &#8211; [&hellip;]<\/p>\n","protected":false},"author":1,"featured_media":0,"parent":0,"menu_order":0,"comment_status":"closed","ping_status":"closed","template":"","meta":{"_et_pb_use_builder":"on","_et_pb_old_content":"","_et_gb_content_width":"","footnotes":""},"class_list":["post-25","page","type-page","status-publish","hentry"],"_links":{"self":[{"href":"https:\/\/herz-statt-hetze-stendal.de\/index.php?rest_route=\/wp\/v2\/pages\/25","targetHints":{"allow":["GET"]}}],"collection":[{"href":"https:\/\/herz-statt-hetze-stendal.de\/index.php?rest_route=\/wp\/v2\/pages"}],"about":[{"href":"https:\/\/herz-statt-hetze-stendal.de\/index.php?rest_route=\/wp\/v2\/types\/page"}],"author":[{"embeddable":true,"href":"https:\/\/herz-statt-hetze-stendal.de\/index.php?rest_route=\/wp\/v2\/users\/1"}],"replies":[{"embeddable":true,"href":"https:\/\/herz-statt-hetze-stendal.de\/index.php?rest_route=%2Fwp%2Fv2%2Fcomments&post=25"}],"version-history":[{"count":35,"href":"https:\/\/herz-statt-hetze-stendal.de\/index.php?rest_route=\/wp\/v2\/pages\/25\/revisions"}],"predecessor-version":[{"id":340,"href":"https:\/\/herz-statt-hetze-stendal.de\/index.php?rest_route=\/wp\/v2\/pages\/25\/revisions\/340"}],"wp:attachment":[{"href":"https:\/\/herz-statt-hetze-stendal.de\/index.php?rest_route=%2Fwp%2Fv2%2Fmedia&parent=25"}],"curies":[{"name":"wp","href":"https:\/\/api.w.org\/{rel}","templated":true}]}}